of 1161105327 and 9?
9
What is the greatest common divisor of 50 and 739199575?
25
Calculate the highest common divisor of 100118 and 699054.
886
What is the highest common factor of 54 and 234174?
6
Calculate the greatest common factor of 5052 and 2732640.
12
What is the greatest common factor of 10455945 and 30?
15
What is the highest common factor of 164 and 1811612716?
164
Calculate the greatest common factor of 5842 and 400844.
46
Calculate the highest common divisor of 416 and 2998606.
26
Calculate the highest common factor of 2467638 and 108.
54
What is the highest common divisor of 2693623 and 75959?
5843
Calculate the highest common divisor of 5292975 and 24.
3
What is the greatest common divisor of 29 and 492524951?
29
What is the greatest common factor of 69209818 and 2128?
38
Calculate the greatest common factor of 131898 and 118053.
39
What is the highest common factor of 4072200 and 91933?
617
What is the highest common factor of 2195745 and 15?
15
Calculate the greatest common factor of 11 and 220340054.
11
Calculate the highest common factor of 4114 and 838239842.
4114
What is the greatest common divisor of 944 and 5742352?
944
What is the highest common divisor of 7 and 5205011?
7
What is the greatest common factor of 803328 and 43008?
1536
Calculate the greatest common factor of 7107300 and 116667.
1341
What is the greatest common factor of 292323185 and 5786?
2893
Calculate the greatest common divisor of 8116503 and 7107.
309
Calculate the greatest common factor of 16110189 and 1863.
207
Calculate the highest common divisor of 130446 and 155286.
18
What is the highest common factor of 95832 and 50028?
132
What is the greatest common divisor of 2207492 and 112?
28
What is the highest common divisor of 423915737 and 3703?
3703
What is the highest common factor of 1401 and 46475840?
467
What is the greatest common factor of 2092854 and 79566?
894
What is the greatest common factor of 894301 and 281?
1
What is the highest common divisor of 356 and 862846990?
178
What is the highest common divisor of 22772 and 243472531?
5693
Calculate the greatest common divisor of 1990 and 360220845.
995
What is the greatest common divisor of 10500 and 53340?
420
Calculate the highest common factor of 41353787 and 271.
271
Calculate the greatest common factor of 2828 and 25056484.
404
What is the highest common factor of 5146471 and 2?
1
Calculate the highest common divisor of 977235324 and 468.
156
Calculate the greatest common divisor of 31675814 and 38120.
1906
Calculate the greatest common factor of 9802 and 26964925.
377
Calculate the highest common factor of 290787 and 75579.
1281
What is the greatest common divisor of 12 and 9457832?
4
What is the highest common divisor of 37 and 88587?
1
What is the highest common factor of 6541874 and 48888?
194
What is the greatest common divisor of 142044340 and 17810?
1370
What is the greatest common factor of 202 and 8371486?
202
Calculate the greatest common factor of 2328683 and 116683.
553
Calculate the greatest common factor of 927 and 4380693.
309
Calculate the greatest common divisor of 435962 and 2.
2
Calculate the highest common divisor of 1125 and 34420.
5
What is the greatest common factor of 9419811 and 552?
69
What is the highest common factor of 18720 and 13158480?
240
What is the greatest common divisor of 1251 and 16515?
9
Calculate the highest common factor of 1050871 and 28519.
361
What is the highest common divisor of 1650 and 706362?
6
What is the highest common factor of 120238810 and 20?
10
Calculate the greatest common divisor of 1554147 and 405.
81
Calculate the greatest common factor of 11640 and 23519784.
2328
What is the highest common divisor of 3114398 and 202342?
2086
What is the greatest common divisor of 69900 and 97161?
699
Calculate the highest common factor of 1598 and 518228.
34
Calculate the greatest common divisor of 92372256 and 12.
12
What is the highest common factor of 63289 and 2508243?
3331
What is the highest common factor of 1865678784 and 32?
32
What is the highest common factor of 2833 and 668355694?
2833
Calculate the highest common factor of 168867175 and 982.
491
Calculate the greatest common divisor of 39468 and 409838.
286
Calculate the greatest common divisor of 17858445 and 45.
15
What is the highest common factor of 312 and 919272?
24
What is the highest common divisor of 133 and 11783477?
19
What is the greatest common divisor of 48053 and 584089?
29
Calculate the highest common factor of 534 and 125286.
6
What is the highest common factor of 2987 and 1116726?
103
Calculate the highest common divisor of 3726 and 23276322.
3726
Calculate the greatest common factor of 163 and 169653986.
163
What is the greatest common divisor of 770302 and 2135380?
1118
What is the greatest common divisor of 335559 and 24339?
399
What is the highest common factor of 158 and 32446?
2
What is the highest common divisor of 440631 and 375237?
1557
What is the highest common divisor of 144 and 1079304?
24
Calculate the greatest common divisor of 392409 and 704267.
739
What is the highest common divisor of 221116 and 311708?
596
Calculate the greatest common factor of 12703799 and 247.
19
What is the greatest common divisor of 180512 and 85472?
32
What is the greatest common factor of 745875 and 11271?
663
What is the highest common divisor of 93 and 1187827?
31
Calculate the highest common divisor of 119 and 612035207.
119
What is the highest common divisor of 2198905594 and 412?
206
What is the greatest common divisor of 4370 and 104604?
46
Calculate the highest common divisor of 12719054 and 1348.
674
What is the greatest common divisor of 540 and 38639610?
90
What is the highest common factor of 6520129 and 55?
11
What is the greatest common divisor of 356760 and 26040?
120
Calculate the greatest common factor of 4770 and 4993830.
90
What is the greatest common factor of 169 and 5716698?
13
What is the highest common divisor of 30818175 and 6?
3
What is the greatest common factor of 648532 and 17520?
292
Calculate the highest common divisor of 71481730 and 14498.
1318
What is the greatest common factor of 28741024 and 231634?
1534
What is the greatest common divisor of 5 and 22109485?
5
Calculate the greatest common divisor of 609 and 248298.
87
Calculate the greatest common factor of 4642304 and 1536.
512
Calculate the greatest common factor of 585 and 7595715.
15
Calculate the highest common divisor of 434896 and 8119.
353
Calculate the greatest common divisor of 21465871 and 4677.
1559
What is the greatest common divisor of 2446220 and 70238?
2422
Calculate the greatest common divisor of 130 and 31707026.
26
What is the highest common factor of 194253 and 480048?
219
What is the highest common factor of 54 and 37653876?
54
Calculate the greatest common factor of 1733137 and 224.
7
Calculate the greatest common divisor of 171642048 and 1216.
1216
Calculate the greatest common divisor of 14257106 and 7367.
53
Calculate the greatest common divisor of 336885 and 105.
15
Calculate the greatest common divisor of 23498604 and 240.
12
Calculate the greatest common divisor of 396162 and 30204.
18
What is the greatest common divisor of 1764 and 743832?
36
What is the greatest common factor of 9791778 and 1149?
1149
Calculate the greatest common factor of 539853705 and 145.
145
What is the greatest common factor of 1855865 and 484825?
2255
What is the greatest common factor of 844883 and 3757?
221
Calculate the greatest common factor of 4450580 and 90.
10
Calculate the highest common factor of 15200964 and 72.
36
Calculate the highest common factor of 178058 and 35122.
34
Calculate the highest common divisor of 11557999 and 13819.
1063
What is the highest common factor of 9 and 244736?
1
What is the highest common divisor of 496 and 88175377?
31
What is the highest common divisor of 13563655 and 17080?
2135
Calculate the greatest common factor of 2421999 and 2139.
93
Calculate the greatest common divisor of 100695 and 548411.
137
What is the greatest common divisor of 2990250 and 9000?
2250
Calculate the greatest common factor of 188254389 and 19815.
3963
What is the greatest common factor of 55 and 12185415?
55
What is the highest common divisor of 213 and 27420555?